{"id":683,"date":"2024-07-26T00:16:20","date_gmt":"2024-07-25T22:16:20","guid":{"rendered":"https:\/\/ilf.org.pl\/51\/?page_id=683"},"modified":"2024-07-26T00:16:20","modified_gmt":"2024-07-25T22:16:20","slug":"jutro-bedzie-nasze","status":"publish","type":"page","link":"https:\/\/ilf.org.pl\/51\/jutro-bedzie-nasze\/","title":{"rendered":"Jutro b\u0119dzie nasze"},"content":{"rendered":"\n<div class=\"wp-block-media-text has-media-on-the-right is-stacked-on-mobile is-style-default\" style=\"grid-template-columns:auto 25%\"><div class=\"wp-block-media-text__content\">\n<p>Oryginalny tytu\u0142: <strong>C&#8217;\u00e8 ancora domani<\/strong><br>Re\u017c. Paola Cortellesi<\/p>\n\n\n\n<p>Wyk. Paola Cortellesi, Valerio Mastandrea, Emanuela Fanelli, Romana Maggiora Vergano<br>Prod.: W\u0142ochy 2023, 118 min<\/p>\n\n\n\n<p>Niezwykle wsp\u00f3\u0142czesna opowie\u015b\u0107 osadzona w powojennej rzymskiej rzeczywisto\u015bci. To \u015bwiat kobiet bez prawa do g\u0142osu, podejmuj\u0105cych si\u0119 s\u0142abo p\u0142atnych prac, w kt\u00f3rym siarczysty policzek od m\u0119\u017ca jest banaln\u0105 codzienno\u015bci\u0105. Czarno-bia\u0142y film nawi\u0105zuj\u0105cy do neorealizmu jest zr\u00f3wnowa\u017con\u0105 kombinacj\u0105 dramatu i humoru, opowiadaj\u0105c\u0105 o zyskiwaniu niezale\u017cno\u015bci, braniu \u017cycia w swoje r\u0119ce i burzeniu zastanych schemat\u00f3w dla siebie i dla innych kobiet. Brawurowy debiut re\u017cyserski Paoli Cortellesi, znanej z wielu r\u00f3l filmowych i teatralnych, osi\u0105gn\u0105\u0142 ogromny sukces frekwencyjny we w\u0142oskich kinach oraz zdoby\u0142 rekordow\u0105 liczb\u0119 nominacji do w\u0142oskich nagr\u00f3d filmowych.<\/p>\n\n\n\n<p><\/p>\n\n\n\n<p><\/p>\n<\/div><figure class=\"wp-block-media-text__media\"><img loading=\"lazy\" decoding=\"async\" width=\"500\" height=\"711\" src=\"https:\/\/ilf.org.pl\/51\/wp-content\/uploads\/2024\/07\/Jutro-bedzie-nasze.jpg\" alt=\"\" class=\"wp-image-684 size-large\" srcset=\"https:\/\/ilf.org.pl\/51\/wp-content\/uploads\/2024\/07\/Jutro-bedzie-nasze.jpg 500w, https:\/\/ilf.org.pl\/51\/wp-content\/uploads\/2024\/07\/Jutro-bedzie-nasze-211x300.jpg 211w\" sizes=\"auto, (max-width: 500px) 100vw, 500px\" \/><\/figure><\/div>\n","protected":false},"excerpt":{"rendered":"<p>Oryginalny tytu\u0142: C&#8217;\u00e8 ancora domaniRe\u017c. Paola Cortellesi Wyk. Paola Cortellesi, Valerio Mastandrea, Emanuela Fanelli, Romana Maggiora VerganoProd.: W\u0142ochy 2023, 118 min Niezwykle wsp\u00f3\u0142czesna opowie\u015b\u0107 osadzona w powojennej rzymskiej rzeczywisto\u015bci. To \u015bwiat kobiet bez prawa do g\u0142osu, podejmuj\u0105cych si\u0119 s\u0142abo p\u0142atnych prac, w kt\u00f3rym siarczysty policzek od m\u0119\u017ca jest banaln\u0105 codzienno\u015bci\u0105. Czarno-bia\u0142y film nawi\u0105zuj\u0105cy do neorealizmu&hellip; <br \/> <a class=\"read-more\" href=\"https:\/\/ilf.org.pl\/51\/jutro-bedzie-nasze\/\">Dowiedz si\u0119 wi\u0119cej<\/a><\/p>\n","protected":false},"author":3,"featured_media":0,"parent":0,"menu_order":0,"comment_status":"closed","ping_status":"closed","template":"","meta":{"footnotes":""},"class_list":["post-683","page","type-page","status-publish","hentry"],"_links":{"self":[{"href":"https:\/\/ilf.org.pl\/51\/wp-json\/wp\/v2\/pages\/683","targetHints":{"allow":["GET"]}}],"collection":[{"href":"https:\/\/ilf.org.pl\/51\/wp-json\/wp\/v2\/pages"}],"about":[{"href":"https:\/\/ilf.org.pl\/51\/wp-json\/wp\/v2\/types\/page"}],"author":[{"embeddable":true,"href":"https:\/\/ilf.org.pl\/51\/wp-json\/wp\/v2\/users\/3"}],"replies":[{"embeddable":true,"href":"https:\/\/ilf.org.pl\/51\/wp-json\/wp\/v2\/comments?post=683"}],"version-history":[{"count":1,"href":"https:\/\/ilf.org.pl\/51\/wp-json\/wp\/v2\/pages\/683\/revisions"}],"predecessor-version":[{"id":685,"href":"https:\/\/ilf.org.pl\/51\/wp-json\/wp\/v2\/pages\/683\/revisions\/685"}],"wp:attachment":[{"href":"https:\/\/ilf.org.pl\/51\/wp-json\/wp\/v2\/media?parent=683"}],"curies":[{"name":"wp","href":"https:\/\/api.w.org\/{rel}","templated":true}]}}