{"id":583,"date":"2024-07-24T22:14:25","date_gmt":"2024-07-24T20:14:25","guid":{"rendered":"https:\/\/ilf.org.pl\/51\/?page_id=583"},"modified":"2024-07-30T23:15:30","modified_gmt":"2024-07-30T21:15:30","slug":"babska-sprawa","status":"publish","type":"page","link":"https:\/\/ilf.org.pl\/51\/babska-sprawa\/","title":{"rendered":"Babska sprawa"},"content":{"rendered":"\n<div class=\"wp-block-media-text has-media-on-the-right is-stacked-on-mobile is-style-default\" style=\"grid-template-columns:auto 25%\"><div class=\"wp-block-media-text__content\">\n<p><br>Re\u017c: Helena Kwiatkowska <\/p>\n\n\n\n<p>Prod.: Polska 2023, <\/p>\n\n\n\n<p><\/p>\n\n\n\n<p><strong>Film<\/strong> \u201e<strong>Babska sprawa<\/strong>\u201d to pr\u00f3ba uchwycenia \u017cycia artystycznego Szczecina na prze\u0142omie lat 60. i 70., znaczenia mecenatu pa\u0144stwowego dla \u017cycia kulturalnego regionu i tzw. babskiej solidarno\u015bci wobec nieprzyjaznego m\u0142odym artystkom \u015bwiata m\u0119\u017cczyzn. Dokument opowiada o rze\u017abiarkach Leonii Chmielnik i Annie Paszkiewicz, kt\u00f3re w 1969 roku wygra\u0142y konkurs na pomnik Bogus\u0142awa X i Anny Jagiellonki w Szczecinie. Artystki wspominaj\u0105 wyzwania zwi\u0105zane z prac\u0105 oraz pocz\u0105tki swojej przyja\u017ani i wsp\u00f3\u0142pracy.<\/p>\n<\/div><figure class=\"wp-block-media-text__media\"><img loading=\"lazy\" decoding=\"async\" width=\"723\" height=\"1024\" src=\"https:\/\/ilf.org.pl\/51\/wp-content\/uploads\/2024\/07\/Plakat-z-logo-ilf-723x1024.jpg\" alt=\"\" class=\"wp-image-802 size-large\" srcset=\"https:\/\/ilf.org.pl\/51\/wp-content\/uploads\/2024\/07\/Plakat-z-logo-ilf-723x1024.jpg 723w, https:\/\/ilf.org.pl\/51\/wp-content\/uploads\/2024\/07\/Plakat-z-logo-ilf-212x300.jpg 212w, https:\/\/ilf.org.pl\/51\/wp-content\/uploads\/2024\/07\/Plakat-z-logo-ilf-768x1088.jpg 768w, https:\/\/ilf.org.pl\/51\/wp-content\/uploads\/2024\/07\/Plakat-z-logo-ilf-1085x1536.jpg 1085w, https:\/\/ilf.org.pl\/51\/wp-content\/uploads\/2024\/07\/Plakat-z-logo-ilf-1024x1450.jpg 1024w, https:\/\/ilf.org.pl\/51\/wp-content\/uploads\/2024\/07\/Plakat-z-logo-ilf-763x1080.jpg 763w, https:\/\/ilf.org.pl\/51\/wp-content\/uploads\/2024\/07\/Plakat-z-logo-ilf.jpg 1446w\" sizes=\"auto, (max-width: 723px) 100vw, 723px\" \/><\/figure><\/div>\n","protected":false},"excerpt":{"rendered":"<p>Re\u017c: Helena Kwiatkowska Prod.: Polska 2023, Film \u201eBabska sprawa\u201d to pr\u00f3ba uchwycenia \u017cycia artystycznego Szczecina na prze\u0142omie lat 60. i 70., znaczenia mecenatu pa\u0144stwowego dla \u017cycia kulturalnego regionu i tzw. babskiej solidarno\u015bci wobec nieprzyjaznego m\u0142odym artystkom \u015bwiata m\u0119\u017cczyzn. Dokument opowiada o rze\u017abiarkach Leonii Chmielnik i Annie Paszkiewicz, kt\u00f3re w 1969 roku wygra\u0142y konkurs na pomnik&hellip; <br \/> <a class=\"read-more\" href=\"https:\/\/ilf.org.pl\/51\/babska-sprawa\/\">Dowiedz si\u0119 wi\u0119cej<\/a><\/p>\n","protected":false},"author":3,"featured_media":0,"parent":0,"menu_order":0,"comment_status":"closed","ping_status":"closed","template":"","meta":{"footnotes":""},"class_list":["post-583","page","type-page","status-publish","hentry"],"_links":{"self":[{"href":"https:\/\/ilf.org.pl\/51\/wp-json\/wp\/v2\/pages\/583","targetHints":{"allow":["GET"]}}],"collection":[{"href":"https:\/\/ilf.org.pl\/51\/wp-json\/wp\/v2\/pages"}],"about":[{"href":"https:\/\/ilf.org.pl\/51\/wp-json\/wp\/v2\/types\/page"}],"author":[{"embeddable":true,"href":"https:\/\/ilf.org.pl\/51\/wp-json\/wp\/v2\/users\/3"}],"replies":[{"embeddable":true,"href":"https:\/\/ilf.org.pl\/51\/wp-json\/wp\/v2\/comments?post=583"}],"version-history":[{"count":2,"href":"https:\/\/ilf.org.pl\/51\/wp-json\/wp\/v2\/pages\/583\/revisions"}],"predecessor-version":[{"id":804,"href":"https:\/\/ilf.org.pl\/51\/wp-json\/wp\/v2\/pages\/583\/revisions\/804"}],"wp:attachment":[{"href":"https:\/\/ilf.org.pl\/51\/wp-json\/wp\/v2\/media?parent=583"}],"curies":[{"name":"wp","href":"https:\/\/api.w.org\/{rel}","templated":true}]}}