{"id":58,"date":"2024-05-09T22:35:47","date_gmt":"2024-05-09T20:35:47","guid":{"rendered":"https:\/\/ilf.org.pl\/51\/?page_id=58"},"modified":"2024-07-23T12:58:46","modified_gmt":"2024-07-23T10:58:46","slug":"o-festiwalu","status":"publish","type":"page","link":"https:\/\/ilf.org.pl\/51\/o-festiwalu\/","title":{"rendered":"O festiwalu"},"content":{"rendered":"\n<p>I\u0143SKIE LATO FILMOWE to jedna z najstarszych cyklicznych imprez filmowych w Polsce, propaguj\u0105ca filmy o warto\u015bciach artystycznych i spo\u0142ecznych. Koncentruje si\u0119 na zjawiskach kulturowych mniej obecnych w  mediach, a tak\u017ce takich, kt\u00f3re dotykaj\u0105 tematyki odr\u0119bno\u015bci kulturowej w kinie \u015bwiatowym. Du\u017co miejsca na festiwalu zajmuj\u0105 obrazy komentuj\u0105ce w odwa\u017cny spos\u00f3b zmiany zachodz\u0105ce we wsp\u00f3\u0142czesnym \u015bwiecie. Festiwal promuje kino m\u0142odych tw\u00f3rc\u00f3w, a tak\u017ce proponuje szereg inicjatyw zwi\u0105zanych z regionem Pomorza oraz basenu Morza Ba\u0142tyckiego.  Od wielu lat znacz\u0105cym akcentem programu s\u0105 wydarzenia wykraczaj\u0105ce po za kino, zwi\u0105zane najcz\u0119\u015bciej ze sztuk\u0105 oraz tematyk\u0105 przyrodnicz\u0105. <\/p>\n\n\n\n<p>Impreza odbywa si\u0119 w uroczej miejscowo\u015bci I\u0144sko na terenie I\u0144skiego Parku Krajobrazowego (Pomorze Zachodnie). Charakter parku okre\u015bla krajobraz polodowcowy \u2013 czy\u015bciutkie jeziora, w\u0105wozy, g\u0142azowiska oraz liczne lasy. Niedaleko I\u0144ska znajduje si\u0119 jedno z najwi\u0119kszych wzniesie\u0144 Pomorza Zachodniego \u2013 G\u0142owacz (180 m n.p.m.).<\/p>\n\n\n\n<p>Pierwsze I\u0144skie Lato Filmowe odby\u0142o si\u0119 w pierwszej po\u0142owie sierpnia 1973 roku. Inicjatorami tego wydarzenia byli Bohdan Kowalski \u2013 \u00f3wczesny powiatowy kierownik wydzia\u0142u kultury, Doland Paszkiewicz \u2013 aktywny dzia\u0142acz DKF \u201eKontrasty\u201d w Szczecinie, oraz Kazimierz Dec \u2013 kierownik Miejsko-Gminnego O\u015brodka Kultury w I\u0144sku.<\/p>\n\n\n\n<p>Pierwsza edycja festiwalu mia\u0142a profil komediowy. Rok p\u00f3\u017aniej impreza rozbudowana zosta\u0142a o seanse studyjne. Podczas pierwszych edycji mo\u017cna by\u0142o ogl\u0105da\u0107 filmy Viscontiego, Saury, Bergmana, Jancso, Angelopoulosa, Bunuela, Zafranovi\u0107a i innych czo\u0142owych europejskich wizjoner\u00f3w kina.<\/p>\n\n\n\n<p>Sta\u0142e miejsce w programie I\u0144skiego Lata Filmowego od lat zajmuj\u0105 pokazy najnowszych film\u00f3w polskich po\u0142\u0105czone ze spotkaniami z tw\u00f3rcami. Go\u015b\u0107mi uroczego I\u0144ska byli m.in. Agnieszka Holland, Jerzy Kawalerowicz, Piotr Szulkin, Jan Jakub Kolski, Jan Kidawa-B\u0142o\u0144ski, Grzegorz Kr\u00f3likiewicz, Robert Gli\u0144ski, Maciej Drygas, Jerzy Hoffman, Krzysztof Zanussi\u2026<\/p>\n\n\n\n<p>Od 31. edycji festiwal by\u0142 organizowany przy szczeg\u00f3lnym udziale Internetowego Serwisu Filmowego Stopklatka.pl, a od 32. edycji g\u0142\u00f3wnym organizatorem jest Stowarzyszenie I\u0144skie Lato Filmowe. Od tego czasu nieprzerwanie dyrektorem artystycznym I\u0144skiego Lata Filmowego jest Przemys\u0142aw Lewandowski. <\/p>\n\n\n\n<p>Obecnie imprez\u0119 organizuj\u0105: Stowarzyszenie I\u0144skie Lato Filmowe oraz Urz\u0105d Gminy i Miasta w I\u0144sku.<\/p>\n","protected":false},"excerpt":{"rendered":"<p>I\u0143SKIE LATO FILMOWE to jedna z najstarszych cyklicznych imprez filmowych w Polsce, propaguj\u0105ca filmy o warto\u015bciach artystycznych i spo\u0142ecznych. Koncentruje si\u0119 na zjawiskach kulturowych mniej obecnych w mediach, a tak\u017ce takich, kt\u00f3re dotykaj\u0105 tematyki odr\u0119bno\u015bci kulturowej w kinie \u015bwiatowym. Du\u017co miejsca na festiwalu zajmuj\u0105 obrazy komentuj\u0105ce w odwa\u017cny spos\u00f3b zmiany zachodz\u0105ce we wsp\u00f3\u0142czesnym \u015bwiecie. Festiwal&hellip; <br \/> <a class=\"read-more\" href=\"https:\/\/ilf.org.pl\/51\/o-festiwalu\/\">Dowiedz si\u0119 wi\u0119cej<\/a><\/p>\n","protected":false},"author":1,"featured_media":0,"parent":0,"menu_order":0,"comment_status":"closed","ping_status":"closed","template":"","meta":{"footnotes":""},"class_list":["post-58","page","type-page","status-publish","hentry"],"_links":{"self":[{"href":"https:\/\/ilf.org.pl\/51\/wp-json\/wp\/v2\/pages\/58","targetHints":{"allow":["GET"]}}],"collection":[{"href":"https:\/\/ilf.org.pl\/51\/wp-json\/wp\/v2\/pages"}],"about":[{"href":"https:\/\/ilf.org.pl\/51\/wp-json\/wp\/v2\/types\/page"}],"author":[{"embeddable":true,"href":"https:\/\/ilf.org.pl\/51\/wp-json\/wp\/v2\/users\/1"}],"replies":[{"embeddable":true,"href":"https:\/\/ilf.org.pl\/51\/wp-json\/wp\/v2\/comments?post=58"}],"version-history":[{"count":4,"href":"https:\/\/ilf.org.pl\/51\/wp-json\/wp\/v2\/pages\/58\/revisions"}],"predecessor-version":[{"id":410,"href":"https:\/\/ilf.org.pl\/51\/wp-json\/wp\/v2\/pages\/58\/revisions\/410"}],"wp:attachment":[{"href":"https:\/\/ilf.org.pl\/51\/wp-json\/wp\/v2\/media?parent=58"}],"curies":[{"name":"wp","href":"https:\/\/api.w.org\/{rel}","templated":true}]}}

<p>IŃSKIE LATO FILMOWE to jedna z najstarszych cyklicznych imprez filmowych w Polsce, propagująca filmy o wartościach artystycznych i społecznych. Koncentruje się na zjawiskach kulturowych mniej obecnych w  mediach, a także takich, które dotykają tematyki odrębności kulturowej w kinie światowym. Dużo miejsca na festiwalu zajmują obrazy komentujące w odważny sposób zmiany zachodzące we współczesnym świecie. Festiwal promuje kino młodych twórców, a także proponuje szereg inicjatyw związanych z regionem Pomorza oraz basenu Morza Bałtyckiego.  Od wielu lat znaczącym akcentem programu są wydarzenia wykraczające po za kino, związane najczęściej ze sztuką oraz tematyką przyrodniczą. </p>



<p>Impreza odbywa się w uroczej miejscowości Ińsko na terenie Ińskiego Parku Krajobrazowego (Pomorze Zachodnie). Charakter parku określa krajobraz polodowcowy – czyściutkie jeziora, wąwozy, głazowiska oraz liczne lasy. Niedaleko Ińska znajduje się jedno z największych wzniesień Pomorza Zachodniego – Głowacz (180 m n.p.m.).</p>



<p>Pierwsze Ińskie Lato Filmowe odbyło się w pierwszej połowie sierpnia 1973 roku. Inicjatorami tego wydarzenia byli Bohdan Kowalski – ówczesny powiatowy kierownik wydziału kultury, Doland Paszkiewicz – aktywny działacz DKF „Kontrasty” w Szczecinie, oraz Kazimierz Dec – kierownik Miejsko-Gminnego Ośrodka Kultury w Ińsku.</p>



<p>Pierwsza edycja festiwalu miała profil komediowy. Rok później impreza rozbudowana została o seanse studyjne. Podczas pierwszych edycji można było oglądać filmy Viscontiego, Saury, Bergmana, Jancso, Angelopoulosa, Bunuela, Zafranovića i innych czołowych europejskich wizjonerów kina.</p>



<p>Stałe miejsce w programie Ińskiego Lata Filmowego od lat zajmują pokazy najnowszych filmów polskich połączone ze spotkaniami z twórcami. Gośćmi uroczego Ińska byli m.in. Agnieszka Holland, Jerzy Kawalerowicz, Piotr Szulkin, Jan Jakub Kolski, Jan Kidawa-Błoński, Grzegorz Królikiewicz, Robert Gliński, Maciej Drygas, Jerzy Hoffman, Krzysztof Zanussi…</p>



<p>Od 31. edycji festiwal był organizowany przy szczególnym udziale Internetowego Serwisu Filmowego Stopklatka.pl, a od 32. edycji głównym organizatorem jest Stowarzyszenie Ińskie Lato Filmowe. Od tego czasu nieprzerwanie dyrektorem artystycznym Ińskiego Lata Filmowego jest Przemysław Lewandowski. </p>



<p>Obecnie imprezę organizują: Stowarzyszenie Ińskie Lato Filmowe oraz Urząd Gminy i Miasta w Ińsku.</p>

<p>IŃSKIE LATO FILMOWE to jedna z najstarszych cyklicznych imprez filmowych w Polsce, propagująca filmy o wartościach artystycznych i społecznych. Koncentruje się na zjawiskach kulturowych mniej obecnych w mediach, a także takich, które dotykają tematyki odrębności kulturowej w kinie światowym. Dużo miejsca na festiwalu zajmują obrazy komentujące w odważny sposób zmiany zachodzące we współczesnym świecie. Festiwal&hellip; <br /> <a class="read-more" href="https://ilf.org.pl/51/o-festiwalu/">Dowiedz się więcej</a></p>
