{"id":574,"date":"2024-07-24T21:59:23","date_gmt":"2024-07-24T19:59:23","guid":{"rendered":"https:\/\/ilf.org.pl\/51\/?page_id=574"},"modified":"2024-07-24T21:59:23","modified_gmt":"2024-07-24T19:59:23","slug":"zupa-z-tygrysa","status":"publish","type":"page","link":"https:\/\/ilf.org.pl\/51\/zupa-z-tygrysa\/","title":{"rendered":"Zupa z tygrysa"},"content":{"rendered":"\n<div class=\"wp-block-media-text has-media-on-the-right is-stacked-on-mobile is-style-default\" style=\"grid-template-columns:auto 25%\"><div class=\"wp-block-media-text__content\">\n<p><br>Re\u017c: Kacper \u015awitalski<br>Prod.: Polska 2023, 36 min<\/p>\n\n\n\n<p><\/p>\n\n\n\n<p>Zderzenie szarej komunistycznej rzeczywisto\u015bci z ameryka\u0144skim snem. Nostalgiczna historia spawacza Stasia, kt\u00f3ry w latach 70. wyjecha\u0142 z Polski, \u017ceby podj\u0105\u0107 prac\u0119 w najwi\u0119kszym i najstarszym cyrku na \u015bwiecie &#8222;Ringling Bros. and Barnum &amp; Bailey&#8221;. Codzienno\u015b\u0107 wcale nie okazuje si\u0119 jednak a\u017c tak wymarzona. Praca w obwo\u017anym cyrku oznacza ci\u0105g\u0142e \u017cycie w poci\u0105gu d\u0142ugim na prawie kilometr, kt\u00f3rym podr\u00f3\u017cuj\u0105 te\u017c wszystkie zwierz\u0119ta. Wyp\u0142ata wynosi mniej ni\u017c zasi\u0142ek dla bezrobotnych. Mimo to Sta\u015b nie traci optymizmu i zaopatrzony w kamer\u0119 rejestruje dla pozostawionej w Polsce rodziny szalone \u017cycie za oceanem.<\/p>\n<\/div><figure class=\"wp-block-media-text__media\"><img loading=\"lazy\" decoding=\"async\" width=\"491\" height=\"750\" src=\"https:\/\/ilf.org.pl\/51\/wp-content\/uploads\/2024\/07\/Zupa-z-tygrysa.jpg\" alt=\"\" class=\"wp-image-575 size-large\" srcset=\"https:\/\/ilf.org.pl\/51\/wp-content\/uploads\/2024\/07\/Zupa-z-tygrysa.jpg 491w, https:\/\/ilf.org.pl\/51\/wp-content\/uploads\/2024\/07\/Zupa-z-tygrysa-196x300.jpg 196w\" sizes=\"auto, (max-width: 491px) 100vw, 491px\" \/><\/figure><\/div>\n","protected":false},"excerpt":{"rendered":"<p>Re\u017c: Kacper \u015awitalskiProd.: Polska 2023, 36 min Zderzenie szarej komunistycznej rzeczywisto\u015bci z ameryka\u0144skim snem. Nostalgiczna historia spawacza Stasia, kt\u00f3ry w latach 70. wyjecha\u0142 z Polski, \u017ceby podj\u0105\u0107 prac\u0119 w najwi\u0119kszym i najstarszym cyrku na \u015bwiecie &#8222;Ringling Bros. and Barnum &amp; Bailey&#8221;. Codzienno\u015b\u0107 wcale nie okazuje si\u0119 jednak a\u017c tak wymarzona. Praca w obwo\u017anym cyrku oznacza&hellip; <br \/> <a class=\"read-more\" href=\"https:\/\/ilf.org.pl\/51\/zupa-z-tygrysa\/\">Dowiedz si\u0119 wi\u0119cej<\/a><\/p>\n","protected":false},"author":3,"featured_media":0,"parent":0,"menu_order":0,"comment_status":"closed","ping_status":"closed","template":"","meta":{"footnotes":""},"class_list":["post-574","page","type-page","status-publish","hentry"],"_links":{"self":[{"href":"https:\/\/ilf.org.pl\/51\/wp-json\/wp\/v2\/pages\/574","targetHints":{"allow":["GET"]}}],"collection":[{"href":"https:\/\/ilf.org.pl\/51\/wp-json\/wp\/v2\/pages"}],"about":[{"href":"https:\/\/ilf.org.pl\/51\/wp-json\/wp\/v2\/types\/page"}],"author":[{"embeddable":true,"href":"https:\/\/ilf.org.pl\/51\/wp-json\/wp\/v2\/users\/3"}],"replies":[{"embeddable":true,"href":"https:\/\/ilf.org.pl\/51\/wp-json\/wp\/v2\/comments?post=574"}],"version-history":[{"count":1,"href":"https:\/\/ilf.org.pl\/51\/wp-json\/wp\/v2\/pages\/574\/revisions"}],"predecessor-version":[{"id":576,"href":"https:\/\/ilf.org.pl\/51\/wp-json\/wp\/v2\/pages\/574\/revisions\/576"}],"wp:attachment":[{"href":"https:\/\/ilf.org.pl\/51\/wp-json\/wp\/v2\/media?parent=574"}],"curies":[{"name":"wp","href":"https:\/\/api.w.org\/{rel}","templated":true}]}}